 - 11 = 0. Calculate i(y).
6
Let q(g) = -119*g - 1177. Let u be q(-10). Let p(n) = -2*n**2 + 21*n + 7. Calculate p(u).
-58
Let l(j) = 9*j + 84. Let x = -6590 - -6581. What is l(x)?
3
Let x(b) = -b - 2. Let u(t) = t**3 - 9*t**2 + 12*t - 4. Let o(z) = -z**3 + 4*z**2 - 2. Let k be o(3). Let q be u(k). Let s = 24 + q. What is x(s)?
-8
Let u = 9022 - 9010. Let v(h) = h**3 - 13*h**2 + 14*h - 12. Determine v(u).
12
Suppose -30*l = -2130 + 2520. Let j(y) = -2*y**2 + 3*y**2 + 5*y - 7 + 7*y + 0*y**2. Determine j(l).
6
Let x(s) = -s**2 - 7*s + 5. Let p be (-30)/20 - 78/(-4). Suppose h = -p*h - 114. Give x(h).
11
Let q = 1094 - 1099. Let x(c) = c + 2. Give x(q).
-3
Let m(u) = 3 - u + 0*u - 3. Suppose -21*f + 13*f = -24. Let s be f/9 - (-50)/30. Calculate m(s).
-2
Suppose 2*u + 3*a + 25 = 20, -2*u + 16 = -4*a. Let x(w) = -24*w**2 + 2*w + 2. What is x(u)?
-90
Let v(x) = 5*x + 108*x**3 - 2*x**2 + x**2 - 111*x**3 + 2. Let m(r) = 3*r**3 + r**2 - 6*r - 3. Let c be 3 + 0*3/(-15). Let h(o) = c*m(o) + 4*v(o). Give h(1).
-3
Let a(x) = 3*x + x**2 - 3 + x - 2*x. Suppose 4*p - 48 = 2*r + 36, 3*r = 0. Suppose 7*f + 7 - p = 0. Determine a(f).
5
Let z(j) = -9*j - 1. Let o(s) = -2*s**2 + 17*s - 2. Let g be o(8). Let t be (-10)/20*(-2 + g). Give z(t).
17
Suppose 126*n - 1418 = 16*n - 3508. Let y(f) = 3*f + 56. Determine y(n).
-1
Let k = 13 - 21. Let h(y) = -y**3 - 11*y**2 - y + 27. Let z(u) = 6*u**3 + 67*u**2 + 6*u - 171. Let o(q) = 19*h(q) + 3*z(q). Determine o(k).
8
Let u(i) = i + 52. Let f be ((7/42*0)/7)/2. What is u(f)?
52
Let t be (-552)/168 + (-1)/(-14)*4. Let g(a) = 2*a**2 + a**3 + 90 - 176 + 7*a**3 + 90 - 7*a**3 - 2*a. What is g(t)?
1
Let p(v) = -v**2 + v + 13. Let r = 29613 - 29609. What is p(r)?
1
Let j = 64 + -62. Let g be -2*j*(-1)/2. Let n(s) = 57*s**g - 4 + 61*s**2 - 119*s**2 + 5 + 9*s. Calculate n(7).
15
Let m(i) be the second derivative of -i**6/360 - i**5/12 + i**4/6 - 7*i**3/6 + 2*i**2 - i + 62. Let u(n) be the second derivative of m(n). What is u(-11)?
-7
Let w(r) = r**2 - 8*r - 1. Let v = -501 - -499. Let s be (145/(-58))/(v/(-4)) - -13. Determine w(s).
-1
Let l(d) = -18 + 6 - d - 8. Let q = 6 - 19. Let p be l(q). Let j(u) = -u**3 - 6*u**2 + 6*u - 5. Determine j(p).
2
Let f = -18574 + 18583. Let g(l) = 2*l**2 - 11*l + 29. What is g(f)?
92
Let v(t) be the third derivative of -t**4/2 - 3*t**2. Suppose h = 5*d + 2, 3*d + 3*h - 1 = -13. Let y(i) = -i**2 + 4*i + 4. Let n be y(d). Determine v(n).
12
Let u(n) = -27*n - 3. Let j = -387 - -387. Suppose -4*w - 3*h - 11 = -3, j = 5*w - 4*h + 10. Determine u(w).
51
Suppose 12 - 54 = -3*u. Let r(s) = -1 - 4 - 8 - 18*s + u*s. Calculate r(-6).
11
Let o(t) = 4*t - 82 + 65 + 16. Let d(j) = 9*j - 2. Let r(y) = 4*d(y) - 10*o(y). Give r(1).
-2
Let z be (4 - 3)/((-1)/47). Let h = z - -44. Let s(c) = -c - 8. Let k(r) = 2*r + 7. Let f(a) = -4*k(a) - 3*s(a). Determine f(h).
11
Suppose 3*f = -2*b + 7, -2*b + 4*f = -0*f. Let j(s) = -b*s - s + s + 3. Let l be 3 - (-2*(-1 - 1)/34 + (-74410)/18071). What is j(l)?
-11
Let z(b) = 2*b**2 + 2*b + 2. Let t(n) = -n**3 - 7*n**2 - 35*n + 15. Let f(c) = t(c) + 7*z(c). Give f(4).
-7
Let j(y) = 45*y + 493. Suppose 58*k + 54 = 54*k + 2*v, 3*v - 37 = 2*k. Determine j(k).
-2
Let a(i) = -14*i**3 + i + 1. Let g = -4968 + 4967. What is a(g)?
14
Suppose -6*t + 15 = -81. Suppose 0 = 2*a + t - 18. Let h(d) = -2*d - d + d**2 + 3*d**2 + 2*d + d**3 - a. What is h(-2)?
9
Let q(i) = -i**3 + 6*i**2 + 7*i + 7. Let u(t) = -t**3 + 2*t**2 + 9*t + 1. Let a be u(4). Suppose a*g - 4*k + 5 = 8*g, 2*g - 30 = 4*k. What is q(g)?
7
Let s(u) = u**2 - 6*u + 3. Let w be s(4). Let q(c) = -159502*c**3 - 7*c + 319003*c**3 + 2 - 6*c**2 - 159502*c**3. Calculate q(w).
12
Suppose -236*t + 231*t = 3*g - 4, -5*t + 8 = g. Let y(d) = -18*d**2 - 5. Determine y(g).
-77
Let v(t) = 2*t**3 - t**3 + 26*t + 4 - 34*t + 51*t + 7*t**2 - 27*t. What is v(-3)?
-8
Let u(s) = s - 6. Let w(p) = 15*p + 3. Let i(h) = 31*h + 5. Let x(z) = 2*i(z) - 5*w(z). Suppose -2 = 4*l - 2 + 4. Let b be x(l). Give u(b).
2
Let d be (-10 + (-156)/(-15))/(1 - (-12)/(-15)). Let k(u) = -8*u**2 + 8*u - 4. What is k(d)?
-20
Let b(v) = 3*v - 8. Let k(x) = -x**3 - 14*x**2 + 4*x + 58. Let h be k(-14). Give b(h).
-2
Let k(m) be the third derivative of m**5/30 + 3*m**4/8 - 3*m**3/2 + 183*m**2 - 2. What is k(1)?
2
Let n(u) be the second derivative of u**4/12 + 23*u**2/2 + 2581*u. Calculate n(0).
23
Suppose 0 = -6716*k + 6681*k. Let y(d) = d - 5 + 22 + 0*d. Give y(k).
17
Let g(z) = z**2 - z. Let j = -276 + 277. Suppose -l + 14 = 3*n, 5*l + 5*n - 31 = -j. Give g(l).
2
Let g(k) be the first derivative of k**4/4 + 11*k**3/3 + 13*k**2/2 + 60*k - 4094. Give g(-10).
30
Let m(g) = 5*g - 22 - 2*g - 9*g. Let c be m(-7). Suppose -6*w = -2*w + c. Let h(a) = -a**2 - 7*a. Determine h(w).
10
Let q be (-30)/45 + 11 + 312/(-18). Let b(h) = -h + 13. Let w(z) = 3*z - 26. Let c(k) = 7*b(k) + 3*w(k). Calculate c(q).
-1
Let b = -610 - -606. Let y(f) = f**3 + 5*f**2 - 2*f - 8. What is y(b)?
16
Let t(n) = 4*n + 3. Let p be t(0). Let k be p - (4 - (-2 - -5)). Let h(i) = -i**3 + 2*i**2 + 2*i - 1. Determine h(k).
3
Let j(y) = y**2 - 6*y - 5. Suppose 62 = -87*v + 85*v. Let k = -27 - v. Suppose 0 = -k*a + 2*a + 5*w - 13, 4*a - 2*w - 14 = 0. What is j(a)?
-5
Let h = 77 - 67. Let y(o) = -h*o + 4*o**2 + 23*o - 18*o + 4 - o**3. Give y(3).
-2
Let u be 1/((1/(-9))/((-37)/111)). Let r(a) = 9*a + 6. Calculate r(u).
33
Let x(i) = -15*i**2 + 17*i + 11*i**2 + 29 - 8*i. Let h(j) = j**2 - j + 1. Let m(l) = -3*h(l) - x(l). Let q(s) be the first derivative of m(s). Calculate q(4).
2
Let q(k) = -k**2 + 44*k - 293. Let w be q(8). Let f(g) = 8*g**3 - 8*g**2 - 4 + 15*g**2 - 7*g**3 + 6*g. Determine f(w).
16
Let h(s) = -2*s + 1. Let g(d) = 11*d - 7. Let q(w) = -g(w) - 5*h(w). Suppose 4*z + 2 = 10. Calculate q(z).
0
Let h(z) be the third derivative of z**5/30 - z**4/6 - z**3 - 1504*z**2 - 1. Determine h(-1).
0
Let x(v) = 6*v**3 - 16*v**2 - 3*v - 5. Let g(q) be the first derivative of -q**4/4 + 2*q**3/3 - q**2/2 + q - 249. Let r(y) = -5*g(y) - x(y). What is r(7)?
7
Let r(k) = 66*k**2 + 411*k - 2. Let x(b) = -5*b**2 - 31*b. Let h(g) = r(g) + 13*x(g). Suppose -8*u + 3*u - 40 = 0. Give h(u).
-2
Suppose 45*w - 55*w = -30. Let o(r) = 2*r + 3*r**2 - 18 - r**w + 11 + 5. Let h be (1 - 3/3) + 4. Calculate o(h).
-10
Let z(a) be the second derivative of a**3/6 - 33*a**2 + 20*a + 2. Calculate z(0).
-66
Let x(g) = -g - 6. Suppose -1349 = -10*t + 321. Let f = t - 173. Determine x(f).
0
Let k(z) = z**3 - z**2 + z - 2. Let q be (1812/(-114) - -13) + (-4)/38. Determine k(q).
-41
Let w be 126/49 + (2 - 12/21). Let z(g) = -g**3 + 5*g**2 + 2*g - 13. Calculate z(w).
11
Let q(r) = r**2 - 11*r + 29. Let n be 7 - 6/9*33/22. What is q(n)?
-1
Let v(f) = -f**3 + f**2 + f - 1. Let d be v(1). Let x(p) = p**3 + 0*p**2 + 15921 - 15936 + p**2. Calculate x(d).
-15
Let s(z) = 2*z**3 + 41*z**2 - 18*z + 38. Suppose -229*d - 3991 = -835*d - 16717. Give s(d).
-25
Let n(m) = 15*m**2 - m. Let f = -349 + 187. Let h be 3/(-5) - (f/45 - -4). Calculate n(h).
16
Let s(y) = y**2 - 2*y - 20. Let k be s(6). Let l be (-86)/(-7) + k + (-4)/14. Let o(t) = 5*t - 6*t**2 - t**3 + 10*t - l*t - 1. Calculate o(-6).
5
Let j be -1 + (-40)/(-5) - 3. Let n(b) = -b**3 - 38 + b - j*b**2 + 2*b + 33 - 10*b. Determine n(-4).
23
Let n(i) = 861*i**3 - 896*i + 29 - 860*i**3 + 905*i + 7*i**2. Calculate n(-6).
11
Let a(y) = -y**2 - y - 2. Suppose 0 = 19*i - 7*i - 24. Let x(l) = -3*l**2 - 4. Let r(u) = i*x(u) - 4*a(u). Calculate r(3).
-6
Let y(x) = x - 8. Let j be 319/77 + 5/(-35). What is y(j)?
-4
Suppose 30*r + 27 = 27*r. Let f(c) be the first derivative of c**4/4 + 10*c**3/3 + 9*c**2/2 + c - 613. Give f(r).
1
Let z(i) be the third derivative of -i**6/60 - i**5/60 - i**4/24 - i**3/6 - 3*i**2 + 24*i. Let r = -33 + 32. Calculate z(r).
1
Let x(z) = 2 - 84*z + 36*z + z**2 + 54*z. Let p = 92 + -97. Determine x(p).
-3
Let m(a) = -a + 12. Let l be 990/25 - (-3 + 13/5). Suppose 66*g = 58*g + l. Calculate m(g).
7
Let b(i) = -i**3 + 3*i**2 - i - 1. Let c be (-30 - -7)*-1 - -3. Suppose -5*v - 4*q = -3*v - c, 4*v + q = 17. Give b(v).
-4
Let n(s) = -s**3 + 2*s**2 + 4*s - 3. Let m = -115 - -129. Let t be m/((-56)/(-60)) - (-1 - -4). Suppose 5*r = 9*r - t. What is n(r)?
0
Let x(i) be the first derivative o